{"id":9655,"date":"2023-10-17T15:16:44","date_gmt":"2023-10-17T12:16:44","guid":{"rendered":"https:\/\/tischool.ro\/?post_type=team&#038;p=9655"},"modified":"2025-10-16T12:59:34","modified_gmt":"2025-10-16T09:59:34","slug":"marinela-aron","status":"publish","type":"team","link":"https:\/\/tischool.ro\/en\/echipa\/marinela-aron\/","title":{"rendered":"Marinela Aron"},"content":{"rendered":"<h4>Biografie:<\/h4>\n<p>\u00cemi place s\u0103 sculptez curcubeie. \u00cen lut \u0219i piatr\u0103. Nu cu dalta, ci cu inima. Toat\u0103! Doar a\u0219a \u0219tiu. Cu creativitatea m\u0103 \u00eengem\u0103nez, iar r\u0103bdarea mi-e prieten. Facem treab\u0103 bun\u0103 \u00eempreun\u0103, pe fiecare accent de culoare. Cred \u00een iubire ca generator al motiva\u021biei \u0219i al disciplinei. Cred \u00een Dumnezeu \u0219i \u00een puterea iert\u0103rii.<\/p>\n<p>Studiile \u015fi practica \u00een domeniul pedagogiei mi-au \u00eenlesnit c\u0103utarea unui sens al propriei existen\u021be. Aici trebuie sa fiu. Cu micile mele curcubeie. Eu \u00een inima lor, \u0219i ele, \u00een a mea\u2026<\/p>\n<h4>Educa\u021bie<\/h4>\n<ul>\n<li>Facultatea de Teologie didactic\u0103 \u2013 Asisten\u021b\u0103 Social\u0103, Universitatea Adventus, Cernica 2003-2008<\/li>\n<li>Facultatea de Pedagogia \u00cenv\u0103\u021b\u0103m\u00e2ntului Primar \u0219i pre\u0219colar, Universitatea Adventus, Cernica, 2009-2012<\/li>\n<\/ul>\n<h4>Experien\u021b\u0103 profesional\u0103<\/h4>\n<ul>\n<li>Fondator al corului: \u201cClopo\u021beii veseli\u201d<\/li>\n<li>Colaborator \u00een proiecte Clubul Altfel, Caravana vacan\u021bei<\/li>\n<li>Profesor \u00eenv\u0103\u021b\u0103m\u00e2nt pre\u0219colar, 2012-2013: Gr\u0103dini\u021ba cu Program Normal nr. 4 , Videle, jud. Teleorman<\/li>\n<li>Profesor \u00eenv\u0103\u021b\u0103m\u00e2nt pre\u0219colar, 2013-2018: Gr\u0103dini\u021ba cu Program Normal nr. 6 , Videle, jud. Teleorman<\/li>\n<\/ul>","protected":false},"author":1,"featured_media":8456,"menu_order":99,"template":"","team_designation":[47],"team_department":[],"class_list":["post-9655","team","type-team","status-publish","has-post-thumbnail","hentry","team_designation-primary-teacher"],"_links":{"self":[{"href":"https:\/\/tischool.ro\/en\/wp-json\/wp\/v2\/team\/9655","targetHints":{"allow":["GET"]}}],"collection":[{"href":"https:\/\/tischool.ro\/en\/wp-json\/wp\/v2\/team"}],"about":[{"href":"https:\/\/tischool.ro\/en\/wp-json\/wp\/v2\/types\/team"}],"author":[{"embeddable":true,"href":"https:\/\/tischool.ro\/en\/wp-json\/wp\/v2\/users\/1"}],"version-history":[{"count":4,"href":"https:\/\/tischool.ro\/en\/wp-json\/wp\/v2\/team\/9655\/revisions"}],"predecessor-version":[{"id":9999,"href":"https:\/\/tischool.ro\/en\/wp-json\/wp\/v2\/team\/9655\/revisions\/9999"}],"wp:featuredmedia":[{"embeddable":true,"href":"https:\/\/tischool.ro\/en\/wp-json\/wp\/v2\/media\/8456"}],"wp:attachment":[{"href":"https:\/\/tischool.ro\/en\/wp-json\/wp\/v2\/media?parent=9655"}],"wp:term":[{"taxonomy":"team_designation","embeddable":true,"href":"https:\/\/tischool.ro\/en\/wp-json\/wp\/v2\/team_designation?post=9655"},{"taxonomy":"team_department","embeddable":true,"href":"https:\/\/tischool.ro\/en\/wp-json\/wp\/v2\/team_department?post=9655"}],"curies":[{"name":"wp","href":"https:\/\/api.w.org\/{rel}","templated":true}]}}

<h4>Biografie:</h4>
<p>Îmi place să sculptez curcubeie. În lut și piatră. Nu cu dalta, ci cu inima. Toată! Doar așa știu. Cu creativitatea mă îngemănez, iar răbdarea mi-e prieten. Facem treabă bună împreună, pe fiecare accent de culoare. Cred în iubire ca generator al motivației și al disciplinei. Cred în Dumnezeu și în puterea iertării.</p>
<p>Studiile şi practica în domeniul pedagogiei mi-au înlesnit căutarea unui sens al propriei existențe. Aici trebuie sa fiu. Cu micile mele curcubeie. Eu în inima lor, și ele, în a mea…</p>
<h4>Educație</h4>
<ul>
<li>Facultatea de Teologie didactică – Asistență Socială, Universitatea Adventus, Cernica 2003-2008</li>
<li>Facultatea de Pedagogia Învățământului Primar și preșcolar, Universitatea Adventus, Cernica, 2009-2012</li>
</ul>
<h4>Experiență profesională</h4>
<ul>
<li>Fondator al corului: “Clopoțeii veseli”</li>
<li>Colaborator în proiecte Clubul Altfel, Caravana vacanței</li>
<li>Profesor învățământ preșcolar, 2012-2013: Grădinița cu Program Normal nr. 4 , Videle, jud. Teleorman</li>
<li>Profesor învățământ preșcolar, 2013-2018: Grădinița cu Program Normal nr. 6 , Videle, jud. Teleorman</li>
</ul>
