{"id":11295,"date":"2026-01-28T11:41:58","date_gmt":"2026-01-28T09:41:58","guid":{"rendered":"https:\/\/tischool.ro\/?post_type=team&#038;p=11295"},"modified":"2026-01-28T10:49:37","modified_gmt":"2026-01-28T08:49:37","slug":"loredana-sentiveanu","status":"publish","type":"team","link":"https:\/\/tischool.ro\/en\/echipa\/loredana-sentiveanu\/","title":{"rendered":"Loredana Sentiveanu"},"content":{"rendered":"<div data-elementor-type=\"wp-post\" data-elementor-id=\"11295\" class=\"elementor elementor-11295\">\n\t\t\t\t<div class=\"aux-parallax-section elementor-element elementor-element-104a7024 e-flex e-con-boxed e-con e-parent\" data-id=\"104a7024\" data-element_type=\"container\" data-e-type=\"container\">\n\t\t\t\t\t<div class=\"e-con-inner\">\n\t\t\t\t<div class=\"elementor-element elementor-element-359c6686 elementor-widget elementor-widget-text-editor\" data-id=\"359c6686\" data-element_type=\"widget\" data-e-type=\"widget\" data-widget_type=\"text-editor.default\">\n\t\t\t\t<div class=\"elementor-widget-container\">\n\t\t\t\t\t\t\t\t\t\n<h4>Biografie:<\/h4>\n<p>Pasiunea mea pentru lucrul cu copiii a \u00eenceput \u00eenc\u0103 din adolescen\u021b\u0103, moment \u00een care am intrat pentru prima dat\u0103 \u00een contact cu copii proveni\u021bi din medii defavorizate, prin intermediul voluntariatului. Acea experien\u021b\u0103 m-a ajutat s\u0103 \u00een\u021beleg c\u0103 fiecare copil are poten\u021bialul de a \u00eenflori atunci c\u00e2nd este v\u0103zut, \u00een\u021beles \u0219i \u00eencurajat.<\/p>\n<p>M-am dedicat studierii dezvolt\u0103rii copilului pe toate planurile \u2013 emo\u021bional, social, cognitiv \u0219i comportamental \u2013 iar cuno\u0219tin\u021bele dob\u00e2ndite le-am aplicat at\u00e2t \u00een via\u021ba profesional\u0103, c\u00e2t \u0219i \u00een cre\u0219terea propriilor copii.\u00a0<\/p>\n<p>Pentru mine, lucrul cu copiii este o surs\u0103 de bucurie \u0219i \u00eemplinire, iar a face parte din dezvoltarea lor este un privilegiu.<\/p>\n<h4>Educa\u021bie<\/h4>\n<ul>\n<li>Facultatea de Filosofie \u0219i \u0218tiin\u021be Social-Politice, specializarea Asisten\u021b\u0103 Social\u0103, Universitatea Alexandru Ioan Cuza, Ia\u0219i<\/li>\n<\/ul>\n<!-- <h4>Experien\u021b\u0103 profesional\u0103:<\/h4>\n<ul>\n<li>Asistent medical (1994-2015)<\/li>\n<\/ul> -->\n<p>\u00a0<\/p>\n\t\t\t\t\t\t\t\t<\/div>\n\t\t\t\t<\/div>\n\t\t\t\t\t<\/div>\n\t\t\t\t<\/div>\n\t\t\t\t<\/div>","protected":false},"author":1,"featured_media":11300,"menu_order":100,"template":"","team_designation":[88],"team_department":[],"class_list":["post-11295","team","type-team","status-publish","has-post-thumbnail","hentry","team_designation-pre-k-assistant"],"_links":{"self":[{"href":"https:\/\/tischool.ro\/en\/wp-json\/wp\/v2\/team\/11295","targetHints":{"allow":["GET"]}}],"collection":[{"href":"https:\/\/tischool.ro\/en\/wp-json\/wp\/v2\/team"}],"about":[{"href":"https:\/\/tischool.ro\/en\/wp-json\/wp\/v2\/types\/team"}],"author":[{"embeddable":true,"href":"https:\/\/tischool.ro\/en\/wp-json\/wp\/v2\/users\/1"}],"version-history":[{"count":4,"href":"https:\/\/tischool.ro\/en\/wp-json\/wp\/v2\/team\/11295\/revisions"}],"predecessor-version":[{"id":11299,"href":"https:\/\/tischool.ro\/en\/wp-json\/wp\/v2\/team\/11295\/revisions\/11299"}],"wp:featuredmedia":[{"embeddable":true,"href":"https:\/\/tischool.ro\/en\/wp-json\/wp\/v2\/media\/11300"}],"wp:attachment":[{"href":"https:\/\/tischool.ro\/en\/wp-json\/wp\/v2\/media?parent=11295"}],"wp:term":[{"taxonomy":"team_designation","embeddable":true,"href":"https:\/\/tischool.ro\/en\/wp-json\/wp\/v2\/team_designation?post=11295"},{"taxonomy":"team_department","embeddable":true,"href":"https:\/\/tischool.ro\/en\/wp-json\/wp\/v2\/team_department?post=11295"}],"curies":[{"name":"wp","href":"https:\/\/api.w.org\/{rel}","templated":true}]}}

<div data-elementor-type="wp-post" data-elementor-id="11295" class="elementor elementor-11295">
				<div class="aux-parallax-section elementor-element elementor-element-104a7024 e-flex e-con-boxed e-con e-parent" data-id="104a7024" data-element_type="container" data-e-type="container">
					<div class="e-con-inner">
				<div class="elementor-element elementor-element-359c6686 elementor-widget elementor-widget-text-editor" data-id="359c6686" data-element_type="widget" data-e-type="widget" data-widget_type="text-editor.default">
				<div class="elementor-widget-container">
									
<h4>Biografie:</h4>
<p>Pasiunea mea pentru lucrul cu copiii a început încă din adolescență, moment în care am intrat pentru prima dată în contact cu copii proveniți din medii defavorizate, prin intermediul voluntariatului. Acea experiență m-a ajutat să înțeleg că fiecare copil are potențialul de a înflori atunci când este văzut, înțeles și încurajat.</p>
<p>M-am dedicat studierii dezvoltării copilului pe toate planurile – emoțional, social, cognitiv și comportamental – iar cunoștințele dobândite le-am aplicat atât în viața profesională, cât și în creșterea propriilor copii. </p>
<p>Pentru mine, lucrul cu copiii este o sursă de bucurie și împlinire, iar a face parte din dezvoltarea lor este un privilegiu.</p>
<h4>Educație</h4>
<ul>
<li>Facultatea de Filosofie și Științe Social-Politice, specializarea Asistență Socială, Universitatea Alexandru Ioan Cuza, Iași</li>
</ul>
<!-- <h4>Experiență profesională:</h4>
<ul>
<li>Asistent medical (1994-2015)</li>
</ul> -->
<p> </p>
								</div>
				</div>
					</div>
				</div>
				</div>
